igit of s?
1
Let g be 14/(-24)*-3*(0 + -8). Let v be g/105 - 1802/(-15). Let u = -24 + v. What is the units digit of u?
6
Let w(h) = -h**3 + 93*h**2 - 137*h + 2841. What is the ten thousands digit of w(86)?
4
What is the thousands digit of 0 + (-30680)/(-4) + (576/6)/24?
7
Let s be 1306 - (-3 - -4 - (-1 + 1)). Let o = s - 71. What is the thousands digit of o?
1
Let p be 1854/9 - (4 + -3 + -1). Let d = 282 - p. What is the units digit of d?
6
Let a(q) = -2*q**2 - 12*q - 11. Let k be a(-5). Let w be (-2)/6 + k/((-3)/10). Suppose w*s - 5*x - 21 = -x, -3*s = 2*x - 21. What is the units digit of s?
7
What is the thousands digit of (-4)/3*60/40*-3853?
7
Suppose 0 = 284*r + 43732 - 900560. What is the units digit of r?
7
Let p(d) be the second derivative of -5*d**5/4 + d**4/6 + 5*d**3/3 - d**2 + 14*d. Let i be p(-4). What is the tens digit of (i/20)/(((-18)/(-8))/3)?
0
Suppose 283*f - 80570 = 417510. What is the hundreds digit of f?
7
Let q = 7402 - -543. What is the units digit of q?
5
Let k = 59 - 111. Let n = -12 - k. Suppose 12 = l - n. What is the tens digit of l?
5
Let q(z) = z**2 - 18*z - 143. Let u be q(24). Let a(m) = 67*m**2 - 2*m - 3. Let k(v) = v**2 - v. Let p(j) = a(j) - 5*k(j). What is the units digit of p(u)?
2
Let k be (2 + -1)*-3 - (-12)/(-3). Let t be 0 - (-3)/(-3)*-28. What is the units digit of (-8)/t - 513/k?
3
What is the tens digit of (33175/(-10))/(685/(-60) + 11)?
6
Suppose -3*i + 4*f - 1912 = -f, -2*f - 3135 = 5*i. Let l = 1107 + i. What is the units digit of l?
8
Let w(j) = 6*j**2 - 4. Let h be w(-3). Let m be -1 - 18 - (-33 + 35). Let s = m + h. What is the tens digit of s?
2
Suppose -160 = -33*w + 37*w. What is the units digit of 33/(4 + 156/w)?
0
Let z be (2 + (-3 + 3)/(-1))*1. Let h(u) = -6*u + 12*u**3 - 13*u**3 + 2*u**z - 5*u**2 + 10. What is the hundreds digit of h(-6)?
1
Let g = 8337 + 4918. What is the ten thousands digit of g?
1
Let f be (4/14)/(1/14). Suppose 0 = f*h - 7*h - 108. Let d = h + 54. What is the units digit of d?
8
Let l be ((-6)/4)/((-6)/(-56)). Let n(h) be the third derivative of h**6/120 + 17*h**5/60 + 31*h**4/24 - h**3/6 - 2*h**2 + 88. What is the units digit of n(l)?
3
Let w = -792 - -20962. What is the tens digit of w?
7
Let c = -22 - -24. Suppose 0 = -z + c*z + 89. Let x = -33 - z. What is the tens digit of x?
5
Let f = -16540 + 52457. What is the tens digit of f?
1
Let a(v) = -181*v + 1564. What is the thousands digit of a(-7)?
2
Let m = 12374 - -32888. What is the tens digit of m?
6
Suppose -11*z = 24*z - 1969800. What is the thousands digit of z/42 - 10/2?
1
Let v = -21 + 33. Suppose 4*f = -14 + 90. Suppose g = f + v. What is the units digit of g?
1
Let f(l) = -l**3 - 9*l**2 - 16*l - 11. Let c be f(-7). Suppose c*t = 4*m + 2569, -5*t + 4866 = 3*m + 536. What is the hundreds digit of t?
8
Suppose 20*u = 16*u - 176. Let d = u + 40. Let k(q) = -14*q + 5. What is the units digit of k(d)?
1
Let w = 234 + -185. Suppose 0 = -2*q - 5*t + w, -3*t - 2*t + 13 = -q. What is the units digit of q?
2
Let n(b) = 1609*b + 964. What is the thousands digit of n(4)?
7
Let m(y) = -27*y**3 + y**2 - 4*y - 10. Let s(t) = -80*t**3 + 4*t**2 - 10*t - 28. Let l(v) = -8*m(v) + 3*s(v). What is the hundreds digit of l(-2)?
2
Suppose 0 = -126*s - 199*s + 739259 + 6795541. What is the ten thousands digit of s?
2
Let t be (-10)/4*(-5 - 4/20). Suppose t*v - 13341 = 2155. What is the tens digit of v?
9
Let m be ((-102)/(-48))/(2/16). Suppose -42*g + m*g = -24350. What is the hundreds digit of g?
9
Let q(h) = -87*h + 5. Let p be q(3). Let k = p + 275. What is the tens digit of k?
1
Let k = -24953 + 39479. What is the hundreds digit of k?
5
Let f(t) = -29*t**3 + 111*t**2 + 1511*t + 4. What is the thousands digit of f(-14)?
0
Suppose -6*h + 100 = -10*h. Let l be h*((-1 - 3) + 3). Suppose -3*n - l + 247 = 0. What is the tens digit of n?
7
Let b = 22429 - 11064. What is the tens digit of b?
6
Suppose 12 = 5*a - a. Suppose -a*l + 841 = -434. What is the tens digit of l?
2
Suppose g + 78 = 4*y - g, -3*y + 3*g = -60. Suppose 0 = 11*i - y*i + 24. Suppose 3*p + 4*s = 440, -3*s + 243 = i*p - 192. What is the hundreds digit of p?
1
Let n(b) = -6*b + 62. Let k(q) be the first derivative of -q**3/3 - 5*q**2/2 + 2*q + 33. Let h be k(-3). What is the units digit of n(h)?
4
Suppose -6*h = -3*h - 423. Let t = h - 72. What is the tens digit of t?
6
Suppose 4*s - 20 = 4*k, 3 = -s + 5*k + 4. What is the tens digit of (-4 + 432)/(6/s)?
2
Suppose 10*c + 0*c - 36480 = -9*c. What is the tens digit of c?
2
Let u = 2596 - -975. What is the thousands digit of u?
3
Let q(p) = -7*p**2 - 13*p + 14. Let u be q(-3). Let v(g) = -148*g + 185. What is the thousands digit of v(u)?
1
Suppose -4*c + 1 + 7 = 5*t, 2*t = -c + 2. Suppose -82*l - 1 = -1. Suppose 0 = 5*g + b + 2*b - 39, -b - c = l. What is the units digit of g?
9
Suppose 0 = -15*t + 12*t + 2*x + 21152, 5*t = x + 35265. What is the units digit of t?
4
Let u(x) = 61*x**2 + 93*x + 500. What is the thousands digit of u(-5)?
1
Suppose 4 = 4*k, 2*d - 272*k = -268*k + 47804. What is the ten thousands digit of d?
2
Let q = 19 + 8. Suppose -17*m + 1452 = -q. What is the tens digit of m?
8
Let l be ((-5)/2)/((-20)/16). Suppose 5*b + 174 = l*b. Let g = -27 - b. What is the units digit of g?
1
What is the thousands digit of (5 - 0)/(-20)*-48796?
2
Let b(u) = -3*u - 4. Let a be 5/(-2)*(-36)/(-45). Let c be b(a). Suppose 5*m - 45 = -5*r, -5*r - c*m + 24 + 9 = 0. What is the units digit of r?
5
Suppose -6148 = -b - 4*c, -2088 = -3*b - 6*c + 16320. What is the thousands digit of b?
6
Suppose -82 + 802 = 4*x. Suppose x = -10*z + 13*z. Suppose z = 4*w + f - 5*f, 3*f = -5*w + 43. What is the tens digit of w?
1
Suppose 5*s - 4*k - 22645 = 0, -s + 1291 = -k - 3238. What is the units digit of s?
9
Suppose 0 = 45*q - 626 - 139. Let g = -4 + 6. Let l = q + g. What is the tens digit of l?
1
Suppose 0 = 4*c + 108 - 104. Let k be ((1 - 1)/(-4))/c - -58. Suppose -k = -u + 170. What is the tens digit of u?
2
Suppose 3*y + 3*v = 267, -2*v = 3*y + 3*v - 275. Suppose 0 = -i - 5*q + 47, 7*i - 9*i - q = -y. What is the units digit of i?
2
Suppose -8*s = -9*s + 57. Suppose -r + s = -47. Suppose r + 76 = f. What is the hundreds digit of f?
1
Suppose 0 = -166*r + 1821757 + 3525103. What is the units digit of r?
0
Let r = 4257 + -2702. Suppose 0 = -19*f + r + 7318. What is the hundreds digit of f?
4
Let h(z) = 10*z**2 + 47*z + 2960. What is the units digit of h(-66)?
8
Let z = 47217 - -2320. What is the hundreds digit of z?
5
Suppose -8*g + 2*g + 2568 = 0. Let q = 751 - g. What is the tens digit of q?
2
Suppose 21 = 4*d - 4*b - 47, -d + 4*b = -11. Let j(l) = -l**2 - 24*l - 95. Let h be j(-19). Suppose h = -21*n + d*n + 22. What is the tens digit of n?
1
Let a = 18653 + 6833. What is the units digit of a?
6
Let g(s) = 1842*s - 576. What is the tens digit of g(5)?
3
Let q(d) = -2*d + 10 - 1 + 7 + 10. Let b be q(11). Suppose -585 = -b*z - 133. What is the units digit of z?
3
Let f(t) = -t**2 - 30*t - 35. Let g be f(-20). Suppose 5*q - 1545 = g. Suppose 2*b + b = q. What is the hundreds digit of b?
1
Let u = -1421 + 57854. What is the tens digit of u?
3
Let n(w) = 132*w + 8. Suppose 0 = 6*j - 54 + 24. What is the tens digit of n(j)?
6
Suppose 8 = -2*d - 0*d, 80 = 2*u + 3*d. Suppose u = 8*z - 2. What is the tens digit of ((-14)/2 + z)/((-1)/262)?
6
Let q(j) = 61*j + 8. Let n be q(2). Suppose -5*t = 4*i - 1553, -4*i + t + 1701 = n. What is the units digit of i?
2
Suppose -2*h + 3*o = -36, 3*h - 7*o - 54 = -3*o. Suppose 0 = 3*g - 84 + h. What is the tens digit of (-1432)/(-36) - (1 + g/(-18))?
4
What is the hundreds digit of 1145730/181*((-2)/(-6))/1?
1
Let l(t) = -204*t**3 + 2*t**2 - 2. What is the thousands digit of l(-4)?
3
What is the hundreds digit of (-61450)/20*4/(2/(-1))?
1
Suppose -2*t = -43*z + 42*z - 39807, z - 59708 = -3*t. What is the units digit of t?
3
Let o = 169 - 169. Suppose -3*t + 1250 = 2*h, 4*h + 3*t - 620 - 1886 = o. What is the units digit of h?
8
Suppose 73 + 25 = a. What is the units digit of (-3 - 1)*a/(-8)?
9
Let h(i) = 4*i + 5. Suppose 4 = -3*a + 2*b - 0, 0 = 3*a + 5*b - 10. Let g be h(a). Suppose -19*l + 266 = -g*l. What is the units digit of l?
9
Let f(y) = 481*y**3 - y**2 + 17*y - 44. What is the ten thousands di